{"id":220,"date":"2023-02-07T18:43:53","date_gmt":"2023-02-07T18:43:53","guid":{"rendered":"https:\/\/sielankaznatury.pl\/?page_id=220"},"modified":"2023-02-07T18:43:53","modified_gmt":"2023-02-07T18:43:53","slug":"formy-platnosci","status":"publish","type":"page","link":"https:\/\/sielankaznatury.pl\/index.php\/formy-platnosci\/","title":{"rendered":"Formy p\u0142atno\u015bci"},"content":{"rendered":"\n<p>W naszym sklepie mo\u017cesz skorzysta\u0107 z wygodnych form p\u0142atno\u015bci<\/p>\n\n\n\n<ul class=\"wp-block-list\">\n<li>szybkie przelewy realizowane przez Przelewy24<\/li>\n\n\n\n<li>P\u0142atno\u015bci BLIK<\/li>\n\n\n\n<li>P\u0142atno\u015bci ONE CLICK &#8211; ApplePay , GooglePay<\/li>\n\n\n\n<li>P\u0142atno\u015bci kartami Visa oraz Master Card<\/li>\n\n\n\n<li>przelew tradycyjny<\/li>\n<\/ul>\n\n\n\n<figure class=\"wp-block-image size-large\"><img fetchpriority=\"high\" decoding=\"async\" width=\"1024\" height=\"312\" src=\"https:\/\/sielankaznatury.pl\/wp-content\/uploads\/2023\/02\/baner-platnosci-flystore-biale-1024x312.png\" alt=\"\" class=\"wp-image-222\" srcset=\"https:\/\/sielankaznatury.pl\/wp-content\/uploads\/2023\/02\/baner-platnosci-flystore-biale-1024x312.png 1024w, https:\/\/sielankaznatury.pl\/wp-content\/uploads\/2023\/02\/baner-platnosci-flystore-biale-300x91.png 300w, https:\/\/sielankaznatury.pl\/wp-content\/uploads\/2023\/02\/baner-platnosci-flystore-biale-768x234.png 768w, https:\/\/sielankaznatury.pl\/wp-content\/uploads\/2023\/02\/baner-platnosci-flystore-biale-1536x468.png 1536w, https:\/\/sielankaznatury.pl\/wp-content\/uploads\/2023\/02\/baner-platnosci-flystore-biale-2048x624.png 2048w, https:\/\/sielankaznatury.pl\/wp-content\/uploads\/2023\/02\/baner-platnosci-flystore-biale-1320x402.png 1320w, https:\/\/sielankaznatury.pl\/wp-content\/uploads\/2023\/02\/baner-platnosci-flystore-biale-600x183.png 600w\" sizes=\"(max-width: 1024px) 100vw, 1024px\" \/><\/figure>\n","protected":false},"excerpt":{"rendered":"<p>W naszym sklepie mo\u017cesz skorzysta\u0107 z wygodnych form p\u0142atno\u015bci<\/p>\n","protected":false},"author":1,"featured_media":0,"parent":0,"menu_order":0,"comment_status":"closed","ping_status":"closed","template":"","meta":{"footnotes":""},"class_list":["post-220","page","type-page","status-publish","hentry"],"_links":{"self":[{"href":"https:\/\/sielankaznatury.pl\/index.php\/wp-json\/wp\/v2\/pages\/220","targetHints":{"allow":["GET"]}}],"collection":[{"href":"https:\/\/sielankaznatury.pl\/index.php\/wp-json\/wp\/v2\/pages"}],"about":[{"href":"https:\/\/sielankaznatury.pl\/index.php\/wp-json\/wp\/v2\/types\/page"}],"author":[{"embeddable":true,"href":"https:\/\/sielankaznatury.pl\/index.php\/wp-json\/wp\/v2\/users\/1"}],"replies":[{"embeddable":true,"href":"https:\/\/sielankaznatury.pl\/index.php\/wp-json\/wp\/v2\/comments?post=220"}],"version-history":[{"count":1,"href":"https:\/\/sielankaznatury.pl\/index.php\/wp-json\/wp\/v2\/pages\/220\/revisions"}],"predecessor-version":[{"id":223,"href":"https:\/\/sielankaznatury.pl\/index.php\/wp-json\/wp\/v2\/pages\/220\/revisions\/223"}],"wp:attachment":[{"href":"https:\/\/sielankaznatury.pl\/index.php\/wp-json\/wp\/v2\/media?parent=220"}],"curies":[{"name":"wp","href":"https:\/\/api.w.org\/{rel}","templated":true}]}}