{"id":1020,"date":"2026-03-23T20:17:21","date_gmt":"2026-03-23T20:17:21","guid":{"rendered":"https:\/\/sielankaznatury.pl\/?post_type=product&#038;p=1020"},"modified":"2026-03-23T20:22:21","modified_gmt":"2026-03-23T20:22:21","slug":"herbata-zestaw-2-szt-pomiedzy-zdaniami-autorka-ksiazek-agnieszka-lis-i-jej-rozkoszny-zestaw","status":"publish","type":"product","link":"https:\/\/sielankaznatury.pl\/index.php\/produkt\/herbata-zestaw-2-szt-pomiedzy-zdaniami-autorka-ksiazek-agnieszka-lis-i-jej-rozkoszny-zestaw\/","title":{"rendered":"Herbata -zestaw 2 szt &#8222;Pomi\u0119dzy zdaniami &#8222;. Autorka Ksi\u0105\u017cek Agnieszka Lis i jej rozkoszny zestaw"},"content":{"rendered":"<p>Blisko\u015b\u0107 mo\u017cna wyrazi\u0107 nie tylko s\u0142owami.<\/p>\n<p>W\u0142\u00f3\u017c swoj\u0105 obecno\u015b\u0107 pomi\u0119dzy zdania i dopraw \u0142ykiem aromatycznego naparu i ciesz si\u0119 \u017cyciem :-).<\/p>\n<p>Zestaw 2 sztx50g\u00a0 znakomitych zio\u0142owych herbat, to a\u017c 40 kubk\u00f3w dobra \ud83d\ude42<\/p>\n","protected":false},"excerpt":{"rendered":"<p>Blisko\u015b\u0107 mo\u017cna wyrazi\u0107 nie tylko s\u0142owami. W\u0142\u00f3\u017c swoj\u0105 obecno\u015b\u0107 pomi\u0119dzy zdania i dopraw \u0142ykiem aromatycznego naparu i ciesz si\u0119 \u017cyciem :-). Zestaw 2 sztx50g\u00a0 znakomitych zio\u0142owych herbat, to a\u017c 40 kubk\u00f3w dobra \ud83d\ude42<\/p>\n","protected":false},"featured_media":1021,"comment_status":"open","ping_status":"closed","template":"","meta":[],"product_brand":[],"product_cat":[48],"product_tag":[],"class_list":{"0":"post-1020","1":"product","2":"type-product","3":"status-publish","4":"has-post-thumbnail","6":"product_cat-inspiracje-literackie","8":"first","9":"instock","10":"taxable","11":"shipping-taxable","12":"purchasable","13":"product-type-simple"},"_links":{"self":[{"href":"https:\/\/sielankaznatury.pl\/index.php\/wp-json\/wp\/v2\/product\/1020","targetHints":{"allow":["GET"]}}],"collection":[{"href":"https:\/\/sielankaznatury.pl\/index.php\/wp-json\/wp\/v2\/product"}],"about":[{"href":"https:\/\/sielankaznatury.pl\/index.php\/wp-json\/wp\/v2\/types\/product"}],"replies":[{"embeddable":true,"href":"https:\/\/sielankaznatury.pl\/index.php\/wp-json\/wp\/v2\/comments?post=1020"}],"wp:featuredmedia":[{"embeddable":true,"href":"https:\/\/sielankaznatury.pl\/index.php\/wp-json\/wp\/v2\/media\/1021"}],"wp:attachment":[{"href":"https:\/\/sielankaznatury.pl\/index.php\/wp-json\/wp\/v2\/media?parent=1020"}],"wp:term":[{"taxonomy":"product_brand","embeddable":true,"href":"https:\/\/sielankaznatury.pl\/index.php\/wp-json\/wp\/v2\/product_brand?post=1020"},{"taxonomy":"product_cat","embeddable":true,"href":"https:\/\/sielankaznatury.pl\/index.php\/wp-json\/wp\/v2\/product_cat?post=1020"},{"taxonomy":"product_tag","embeddable":true,"href":"https:\/\/sielankaznatury.pl\/index.php\/wp-json\/wp\/v2\/product_tag?post=1020"}],"curies":[{"name":"wp","href":"https:\/\/api.w.org\/{rel}","templated":true}]}}