{"id":413,"date":"2023-03-25T09:15:52","date_gmt":"2023-03-25T09:15:52","guid":{"rendered":"https:\/\/sielankaznatury.pl\/?post_type=product&#038;p=413"},"modified":"2024-05-06T09:49:35","modified_gmt":"2024-05-06T09:49:35","slug":"babka-lancetowata-lisc-ciety-50g","status":"publish","type":"product","link":"https:\/\/sielankaznatury.pl\/index.php\/produkt\/babka-lancetowata-lisc-ciety-50g\/","title":{"rendered":"BABKA LANCETOWATA \u2013 li\u015b\u0107 ci\u0119ty    50g"},"content":{"rendered":"<p><span style=\"font-family: Liberation Serif, serif;\"><span style=\"font-size: medium;\"><span style=\"font-family: Comic Sans MS, serif;\"><b>BABKA LANCETOWATA \u2013 li\u015b\u0107 ci\u0119ty<\/b><\/span><\/span><\/span><\/p>\n<p align=\"justify\"><span style=\"font-family: Comic Sans MS, serif;\"><span style=\"font-size: medium;\">Bez sztucznych barwnik\u00f3w, bez glutaminianu sodu, bez konserwant\u00f3w.<\/span><\/span><\/p>\n<p align=\"justify\"><span style=\"font-family: Liberation Serif, serif;\"><span style=\"font-size: medium;\"><span style=\"font-family: Comic Sans MS, serif;\">Przyrz\u0105dzone z niej preparaty \u0142agodz\u0105 kaszel. Napary zaleca si\u0119 do p\u0142ukania gard\u0142a<br \/>\ni jamy ustnej. Li\u015b\u0107 stosowany jest g\u0142\u00f3wnie jako \u015brodek wykrztu\u015bny i rozkurczaj\u0105cy mi\u0119\u015bnie g\u0142adkie g\u00f3rnych dr\u00f3g oddechowych, w stanach zapalnych jamy ustnej, krtani &#8211; znaczenie maj\u0105 substancje zmniejszaj\u0105ce przekrwienie b\u0142on \u015bluzowych. <\/span><\/span><\/span><span style=\"font-family: Liberation Serif, serif;\"><span style=\"font-size: medium;\"><span style=\"font-family: Comic Sans MS, serif;\">Stosowana r\u00f3wnie\u017c zewn\u0119trznie, na stany zapalne sk\u00f3ry, takie jak uk\u0105szenia lub u\u017c\u0105dlenia owad\u00f3w, poparzenia, egzem\u0119, ma\u0142e rany, zapalenie spoj\u00f3wek lub powiek. Ziele wspomaga gojenie si\u0119 ran, oparze\u0144 i skalecze\u0144.<\/span><\/span><\/span><\/p>\n<p align=\"justify\"><span style=\"font-family: Liberation Serif, serif;\"><span style=\"font-size: medium;\"><span style=\"font-family: Comic Sans MS, serif;\"><b>NAPAR:<\/b><\/span><span style=\"font-family: Comic Sans MS, serif;\"> 1 \u0142y\u017ck\u0119 li\u015bci babki zala\u0107 1 i 1\/2 szklanki wody i ogrzewa\u0107 do wrzenia. Gotowa\u0107 \u0142agodnie pod przykryciem 5 minut, nast\u0119pnie odstawi\u0107 na 10 &#8211; 15 minut i przecedzi\u0107. Pi\u0107 2-3 razy dziennie po 1\/2 szklanki. Ten sam odwar mo\u017cna stosowa\u0107 zewn\u0119trznie do p\u0142uka\u0144, ok\u0142ad\u00f3w i przemywa\u0144.<\/span><\/span><\/span><\/p>\n<p align=\"justify\"><span style=\"font-family: Liberation Serif, serif;\"><span style=\"font-size: medium;\"><span style=\"font-family: Comic Sans MS, serif;\">Sk\u0142adniki: 100% babka lancetowata (Plantago lanceolata). <\/span><\/span><\/span><\/p>\n<p><span style=\"font-family: Liberation Serif, serif;\"><span style=\"font-size: medium;\"><span style=\"font-family: Comic Sans MS, serif;\">Kraj pochodzenia: POLSKA\u00a0 \u00a0 \u00a0 \u00a0 \u00a0 \u00a0 \u00a0 \u00a0 \u00a0 \u00a0 <\/span><span style=\"font-family: Comic Sans MS, serif;\"><b>masa netto 50 g<\/b><\/span><\/span><\/span><\/p>\n<p align=\"justify\"><span style=\"font-family: Liberation Serif, serif;\"><span style=\"font-size: medium;\"><span style=\"font-family: Comic Sans MS, serif;\"><span style=\"font-size: small;\">Warunki przechowywania: przechowywa\u0107 w suchym i zaciemnionym miejscu. <\/span><\/span><\/span><\/span><span style=\"font-family: Liberation Serif, serif;\"><span style=\"font-size: medium;\"><span style=\"font-family: Comic Sans MS, serif;\"><span style=\"font-size: small;\">W zak\u0142adzie pakowane s\u0105 r\u00f3wnie\u017c: sezam, gorczyca, seler, produkty zawieraj\u0105ce gluten, r\u00f3\u017cne orzechy. Pomimo do\u0142o\u017cenia wszelkich stara\u0144 nie mo\u017cna w 100 % wykluczy\u0107 wyst\u0105pienia w produkcie tych surowc\u00f3w.<\/span><\/span><\/span><\/span><\/p>\n","protected":false},"excerpt":{"rendered":"<p><span style=\"font-family: Liberation Serif, serif;\"><span style=\"font-size: medium;\"><span style=\"font-family: Comic Sans MS, serif;\"><b>BABKA LANCETOWATA \u2013 li\u015b\u0107 ci\u0119ty<\/b><\/span><\/span><\/span><\/p>\n<p align=\"justify\"><span style=\"font-family: Comic Sans MS, serif;\"><span style=\"font-size: medium;\">Bez sztucznych barwnik\u00f3w, bez glutaminianu sodu, bez konserwant\u00f3w.<\/span><\/span><\/p>\n","protected":false},"featured_media":414,"comment_status":"open","ping_status":"closed","template":"","meta":[],"product_brand":[],"product_cat":[24],"product_tag":[],"class_list":{"0":"post-413","1":"product","2":"type-product","3":"status-publish","4":"has-post-thumbnail","6":"product_cat-ziola","8":"first","9":"instock","10":"taxable","11":"shipping-taxable","12":"purchasable","13":"product-type-simple"},"_links":{"self":[{"href":"https:\/\/sielankaznatury.pl\/index.php\/wp-json\/wp\/v2\/product\/413","targetHints":{"allow":["GET"]}}],"collection":[{"href":"https:\/\/sielankaznatury.pl\/index.php\/wp-json\/wp\/v2\/product"}],"about":[{"href":"https:\/\/sielankaznatury.pl\/index.php\/wp-json\/wp\/v2\/types\/product"}],"replies":[{"embeddable":true,"href":"https:\/\/sielankaznatury.pl\/index.php\/wp-json\/wp\/v2\/comments?post=413"}],"wp:featuredmedia":[{"embeddable":true,"href":"https:\/\/sielankaznatury.pl\/index.php\/wp-json\/wp\/v2\/media\/414"}],"wp:attachment":[{"href":"https:\/\/sielankaznatury.pl\/index.php\/wp-json\/wp\/v2\/media?parent=413"}],"wp:term":[{"taxonomy":"product_brand","embeddable":true,"href":"https:\/\/sielankaznatury.pl\/index.php\/wp-json\/wp\/v2\/product_brand?post=413"},{"taxonomy":"product_cat","embeddable":true,"href":"https:\/\/sielankaznatury.pl\/index.php\/wp-json\/wp\/v2\/product_cat?post=413"},{"taxonomy":"product_tag","embeddable":true,"href":"https:\/\/sielankaznatury.pl\/index.php\/wp-json\/wp\/v2\/product_tag?post=413"}],"curies":[{"name":"wp","href":"https:\/\/api.w.org\/{rel}","templated":true}]}}