{"id":454,"date":"2023-03-27T11:38:22","date_gmt":"2023-03-27T11:38:22","guid":{"rendered":"https:\/\/sielankaznatury.pl\/?post_type=product&#038;p=454"},"modified":"2024-02-26T14:03:01","modified_gmt":"2024-02-26T14:03:01","slug":"konopie-liscie-ciete-50g","status":"publish","type":"product","link":"https:\/\/sielankaznatury.pl\/index.php\/produkt\/konopie-liscie-ciete-50g\/","title":{"rendered":"KONOPIE LI\u015aCIE CI\u0118TE  50g"},"content":{"rendered":"<p><span style=\"font-family: Liberation Serif, serif;\"><span style=\"font-size: medium;\"><span style=\"font-family: Comic Sans MS, serif;\"><b>KONOPIE LI\u015aCIE CI\u0118TE<\/b><\/span><\/span><\/span><\/p>\n<p align=\"justify\"><span style=\"font-family: Liberation Serif, serif;\"><span style=\"font-size: medium;\"><span style=\"font-family: Comic Sans MS, serif;\">Bez sztucznych barwnik\u00f3w, bez konserwant\u00f3w.<\/span><\/span><\/span><\/p>\n<p align=\"justify\"><a name=\"_GoBack\"><\/a> <span style=\"font-family: Liberation Serif, serif;\"><span style=\"font-size: medium;\"><span style=\"font-family: Comic Sans MS, serif;\">Ze wzgl\u0119du na wzrastaj\u0105c\u0105 \u015bwiadomo\u015b\u0107 ludzi dotycz\u0105c\u0105 zdrowego stylu \u017cycia, legalne konopie sta\u0142y si\u0119 jednym z produkt\u00f3w budz\u0105cych coraz to wi\u0119ksze zainteresowanie na \u015bwiecie. Podstawowymi sk\u0142adnikami od\u017cywczymi obecnymi w li\u015bciach konopi s\u0105: \u017celazo, potas, cynk, fosfor, magnez, b\u0142onnik, przyswajalne bia\u0142ka oraz aminokwasy. Poza tymi li\u015bcie konopi emanuj\u0105 innymi sk\u0142adnikami od\u017cywczymi, kt\u00f3re s\u0105 specyficzne dla nich &#8211; zawieraj\u0105 kwasy pochodz\u0105ce z fitokannabinoid\u00f3w. Systematyczne picie herbatki z li\u015bci konopi mo\u017ce przyczynia\u0107 si\u0119 do uzupe\u0142nia endokannabinoid\u00f3w w organizmie, kt\u00f3rych niedob\u00f3r zwi\u0119ksza prawdopodobie\u0144stwo wyst\u0105pienia migreny.<\/span><\/span><\/span><\/p>\n<p align=\"justify\"><span style=\"font-family: Liberation Serif, serif;\"><span style=\"font-size: medium;\"><span style=\"font-family: Comic Sans MS, serif;\"><b>NAPAR:<\/b><\/span><span style=\"font-family: Comic Sans MS, serif;\"> 3 \u0142y\u017ceczki suszonych li\u015bci i zala\u0107 je 250 ml wody o temperaturze oko\u0142o 80 \u00b0C (nie wrz\u0105cej). Parzy\u0107 przez 20 min pod przykryciem. Co ciekawe, mn\u00f3stwo os\u00f3b pije herbatk\u0119 z li\u015bci konopi tylko ze wzgl\u0119du na jej smak! Jest on bowiem delikatnie zio\u0142owy, charakterystyczny i og\u00f3lnie rzecz bior\u0105c \u2013 bardzo przyjemny.<\/span><\/span><\/span><\/p>\n<p><span style=\"font-family: Liberation Serif, serif;\"><span style=\"font-size: medium;\"><span style=\"font-family: Comic Sans MS, serif;\"><b>Sk\u0142adniki: 100% konopie li\u015bcie (Cannabis sativa folium concisus).<\/b><\/span><\/span><\/span><\/p>\n<p><span style=\"font-family: Liberation Serif, serif;\"><span style=\"font-size: medium;\"><span style=\"font-family: Comic Sans MS, serif;\">KRAJ POCHODZENIA: POLSKA\u00a0 \u00a0 \u00a0 \u00a0 \u00a0 \u00a0 \u00a0 \u00a0 \u00a0 \u00a0 \u00a0 \u00a0 \u00a0 <\/span><span style=\"font-family: Comic Sans MS, serif;\"><b>masa netto 50 g<\/b><\/span><\/span><\/span><\/p>\n<p align=\"justify\"><span style=\"font-family: Liberation Serif, serif;\"><span style=\"font-size: medium;\"><span style=\"font-family: Comic Sans MS, serif;\"><span style=\"font-size: small;\">Warunki przechowywania: przechowywa\u0107 w suchym i zaciemnionym miejscu. <\/span><\/span><\/span><\/span><span style=\"font-family: Liberation Serif, serif;\"><span style=\"font-size: medium;\"><span style=\"font-family: Comic Sans MS, serif;\"><span style=\"font-size: small;\">W zak\u0142adzie pakowane s\u0105 r\u00f3wnie\u017c: sezam, gorczyca, seler, produkty zawieraj\u0105ce gluten, r\u00f3\u017cne orzechy. Pomimo do\u0142o\u017cenia wszelkich stara\u0144 nie mo\u017cna w 100 % wykluczy\u0107 wyst\u0105pienia w produkcie tych surowc\u00f3w.<\/span><\/span><\/span><\/span><\/p>\n","protected":false},"excerpt":{"rendered":"<p><span style=\"font-family: Liberation Serif, serif;\"><span style=\"font-size: medium;\"><span style=\"font-family: Comic Sans MS, serif;\"><b>KONOPIE LI\u015aCIE CI\u0118TE<\/b><\/span><\/span><\/span><\/p>\n<p align=\"justify\"><span style=\"font-family: Liberation Serif, serif;\"><span style=\"font-size: medium;\"><span style=\"font-family: Comic Sans MS, serif;\">Bez sztucznych barwnik\u00f3w, bez konserwant\u00f3w.<\/span><\/span><\/span><\/p>\n","protected":false},"featured_media":455,"comment_status":"open","ping_status":"closed","template":"","meta":[],"product_brand":[],"product_cat":[44,24],"product_tag":[],"class_list":{"0":"post-454","1":"product","2":"type-product","3":"status-publish","4":"has-post-thumbnail","6":"product_cat-herbaty","7":"product_cat-ziola","9":"first","10":"instock","11":"taxable","12":"shipping-taxable","13":"purchasable","14":"product-type-simple"},"_links":{"self":[{"href":"https:\/\/sielankaznatury.pl\/index.php\/wp-json\/wp\/v2\/product\/454","targetHints":{"allow":["GET"]}}],"collection":[{"href":"https:\/\/sielankaznatury.pl\/index.php\/wp-json\/wp\/v2\/product"}],"about":[{"href":"https:\/\/sielankaznatury.pl\/index.php\/wp-json\/wp\/v2\/types\/product"}],"replies":[{"embeddable":true,"href":"https:\/\/sielankaznatury.pl\/index.php\/wp-json\/wp\/v2\/comments?post=454"}],"wp:featuredmedia":[{"embeddable":true,"href":"https:\/\/sielankaznatury.pl\/index.php\/wp-json\/wp\/v2\/media\/455"}],"wp:attachment":[{"href":"https:\/\/sielankaznatury.pl\/index.php\/wp-json\/wp\/v2\/media?parent=454"}],"wp:term":[{"taxonomy":"product_brand","embeddable":true,"href":"https:\/\/sielankaznatury.pl\/index.php\/wp-json\/wp\/v2\/product_brand?post=454"},{"taxonomy":"product_cat","embeddable":true,"href":"https:\/\/sielankaznatury.pl\/index.php\/wp-json\/wp\/v2\/product_cat?post=454"},{"taxonomy":"product_tag","embeddable":true,"href":"https:\/\/sielankaznatury.pl\/index.php\/wp-json\/wp\/v2\/product_tag?post=454"}],"curies":[{"name":"wp","href":"https:\/\/api.w.org\/{rel}","templated":true}]}}