{"id":53,"date":"2023-01-21T19:50:02","date_gmt":"2023-01-21T19:50:02","guid":{"rendered":"http:\/\/dguqoldtak.cfolks.pl\/sielanka\/?post_type=product&#038;p=53"},"modified":"2024-10-17T15:10:07","modified_gmt":"2024-10-17T15:10:07","slug":"18-ziol-ojca-mateusza","status":"publish","type":"product","link":"https:\/\/sielankaznatury.pl\/index.php\/produkt\/18-ziol-ojca-mateusza\/","title":{"rendered":"18 ZI\u00d3\u0141 -ZAMIAST SOLI I PIEPRZU 80g"},"content":{"rendered":"<p>Ciesz\u0105ca si\u0119 wybitn\u0105 popularno\u015bci\u0105 mieszanka, o dobrych walorach dla zdrowia i\u00a0 dobrego smaku.<\/p>\n<p>18 zi\u00f3\u0142 ojca Mateusza to starannie dobrana kompozycja przypraw, kt\u00f3ra podkre\u015bla smak i aromat da\u0144 bez konieczno\u015bci u\u017cycia soli i pieprzu. Niekt\u00f3re osoby borykaj\u0105 si\u0119 bowiem z nietolerancj\u0105 tych przypraw lub po prostu nie przepadaj\u0105 za ich smakiem.<br \/>\nZ my\u015bl\u0105 o nich powsta\u0142a mieszanka 18 zi\u00f3\u0142 ojca Mateusza, kt\u00f3ra stanowi alternatyw\u0119 bazuj\u0105c\u0105 na zio\u0142ach oraz suszonych warzywach. Przekonaj si\u0119, \u017ce jedzenie doprawione w taki spos\u00f3b smakuje r\u00f3wnie wspaniale. Mieszanka doskonale pasuje do wszelkiego rodzaju mi\u0119s, tradycyjnych polskich potraw takich jak bigos czy \u017curek oraz rozgrzewaj\u0105cych zup. 18 zi\u00f3\u0142 ojca Mateusza znakomicie wzbogaci tak\u017ce smak zasma\u017canej kapusty, jednogarnkowych da\u0144 i g\u0119stych zup, w tym na bazie ro\u015blin str\u0105czkowych, jak i syc\u0105cej sa\u0142atki ziemniaczanej. Tak naprawd\u0119 mo\u017cna jej u\u017cy\u0107 wsz\u0119dzie tam, gdzie jedzenie wydaje si\u0119 zbyt ja\u0142owe, ale nie chcemy go doprawia\u0107 sol\u0105 ani pieprzem.<\/p>\n<p>&nbsp;<\/p>\n<p>SK\u0141ADNIKI: kukurydza, majeranek, czosnek, cebula, papryka s\u0142odka, bazylia, kolendra, papryka ostra, imbir, gorczyca, kminek, tymianek, rozmaryn, sza\u0142wia, kurkuma, lubczyk, li\u015b\u0107 laurowy, cz\u0105ber.<\/p>\n<p>&nbsp;<\/p>\n<p>Wyprodukowano w: POLSKA\u00a0\u00a0\u00a0\u00a0\u00a0\u00a0\u00a0\u00a0\u00a0\u00a0\u00a0\u00a0\u00a0\u00a0\u00a0\u00a0\u00a0\u00a0\u00a0\u00a0\u00a0\u00a0\u00a0\u00a0\u00a0\u00a0\u00a0\u00a0\u00a0\u00a0\u00a0\u00a0\u00a0\u00a0\u00a0\u00a0\u00a0\u00a0\u00a0\u00a0\u00a0\u00a0\u00a0\u00a0\u00a0\u00a0\u00a0\u00a0\u00a0\u00a0\u00a0\u00a0 <strong>masa netto 80 g<\/strong><\/p>\n<p>&nbsp;<\/p>\n<p>Warunki przechowywania: przechowywa\u0107 w suchym i zaciemnionym miejscu.<\/p>\n<p>&nbsp;<\/p>\n<p>W zak\u0142adzie pakowane s\u0105 r\u00f3wnie\u017c: sezam, gorczyca, seler, produkty zawieraj\u0105ce gluten, r\u00f3\u017cne orzechy. Pomimo do\u0142o\u017cenia wszelkich stara\u0144 nie mo\u017cna w 100 %\u00a0 wykluczy\u0107 wyst\u0105pienia w produkcie tych surowc\u00f3w.<\/p>\n","protected":false},"excerpt":{"rendered":"<p class=\"Standard\"><span style=\"font-family: 'Comic Sans MS';\">Bez sztucznych barwnik\u00f3w, bez glutaminianu sodu, bez konserwant\u00f3w.<\/span><\/p>\n","protected":false},"featured_media":585,"comment_status":"open","ping_status":"closed","template":"","meta":[],"product_brand":[],"product_cat":[17],"product_tag":[],"class_list":{"0":"post-53","1":"product","2":"type-product","3":"status-publish","4":"has-post-thumbnail","6":"product_cat-przyprawy","8":"first","9":"instock","10":"taxable","11":"shipping-taxable","12":"purchasable","13":"product-type-simple"},"_links":{"self":[{"href":"https:\/\/sielankaznatury.pl\/index.php\/wp-json\/wp\/v2\/product\/53","targetHints":{"allow":["GET"]}}],"collection":[{"href":"https:\/\/sielankaznatury.pl\/index.php\/wp-json\/wp\/v2\/product"}],"about":[{"href":"https:\/\/sielankaznatury.pl\/index.php\/wp-json\/wp\/v2\/types\/product"}],"replies":[{"embeddable":true,"href":"https:\/\/sielankaznatury.pl\/index.php\/wp-json\/wp\/v2\/comments?post=53"}],"wp:featuredmedia":[{"embeddable":true,"href":"https:\/\/sielankaznatury.pl\/index.php\/wp-json\/wp\/v2\/media\/585"}],"wp:attachment":[{"href":"https:\/\/sielankaznatury.pl\/index.php\/wp-json\/wp\/v2\/media?parent=53"}],"wp:term":[{"taxonomy":"product_brand","embeddable":true,"href":"https:\/\/sielankaznatury.pl\/index.php\/wp-json\/wp\/v2\/product_brand?post=53"},{"taxonomy":"product_cat","embeddable":true,"href":"https:\/\/sielankaznatury.pl\/index.php\/wp-json\/wp\/v2\/product_cat?post=53"},{"taxonomy":"product_tag","embeddable":true,"href":"https:\/\/sielankaznatury.pl\/index.php\/wp-json\/wp\/v2\/product_tag?post=53"}],"curies":[{"name":"wp","href":"https:\/\/api.w.org\/{rel}","templated":true}]}}