{"id":557,"date":"2023-03-30T11:17:06","date_gmt":"2023-03-30T11:17:06","guid":{"rendered":"https:\/\/sielankaznatury.pl\/?post_type=product&#038;p=557"},"modified":"2025-12-30T14:53:19","modified_gmt":"2025-12-30T14:53:19","slug":"kardamon-ziarno-20g","status":"publish","type":"product","link":"https:\/\/sielankaznatury.pl\/index.php\/produkt\/kardamon-ziarno-20g\/","title":{"rendered":"KARDAMON ZIARNO  20g"},"content":{"rendered":"<p align=\"justify\"><span style=\"font-family: Liberation Serif, serif;\"><span style=\"font-size: medium;\"><span style=\"font-family: Comic Sans MS, serif;\"><b>KARDAMON ZIARNO<\/b><\/span><\/span><\/span><\/p>\n<p align=\"justify\"><span style=\"font-family: Liberation Serif, serif;\"><span style=\"font-size: medium;\"><span style=\"font-family: Comic Sans MS, serif;\">Bez sztucznych barwnik\u00f3w, bez konserwant\u00f3w.<\/span><\/span><\/span><\/p>\n<p align=\"justify\"><span style=\"font-family: Liberation Serif, serif;\"><span style=\"font-size: medium;\"><span style=\"font-family: Comic Sans MS, serif;\">Kardamon to jedna z najstarszych i najdro\u017cszych przypraw \u015bwiata,<br \/>\nw staro\u017cytno\u015bci zachwycano si\u0119 jego niezwyk\u0142ym, cytrusowo-eukaliptusowym zapachem wzbogaconym o wyraziste korzenne nuty. Stosowana tradycyjnie w Indiach, krajach dalekiego Orientu i w p\u00f3\u0142nocno-wschodniej Afryce. Jest doskona\u0142ym dodatkiem do ciast, owocowych sa\u0142atek, kawy, ale r\u00f3wnie dobrze sprawdzi si\u0119 w potrawach z mi\u0119sa. Na s\u0142odko i w wytrawnej wersji, w kuchni kardamon nie ma sobie r\u00f3wnych!<\/span><\/span><\/span><\/p>\n<p align=\"justify\"><span style=\"font-family: Comic Sans MS, serif;\"><span style=\"font-size: medium;\">Kardamon to jednoroczna bylina o du\u017cym, bulwiastym k\u0142\u0105czu. Z wygl\u0105du przypomina nieco imbir, ale jej li\u015bcie zawieraj\u0105 str\u0105ki z nasionami.\u00a0 Przed dodaniem ziaren kardamonu do potrawy dobrze jest je podsma\u017cy\u0107 lub wymiesza\u0107 z innymi przyprawami.\u00a0<\/span><\/span><\/p>\n<p align=\"justify\"><span style=\"font-family: Comic Sans MS, serif;\"><span style=\"font-size: medium;\">Opr\u00f3cz pi\u0119knego, cytrusowo-korzennego zapachu znajduje wiele zastosowa\u0144 w kuchni i jest nazywany kr\u00f3lem przypraw. Bez niego nie obejdzie si\u0119 \u017cadne indyjskie danie!\u00a0Poznaj zalety i w\u0142a\u015bciwo\u015bci jakie posiada kardamon ziarno oraz dowiedz si\u0119 jak dzi\u0119ki niemu wzbogaci\u0107 smak potraw, ale tak\u017ce napoj\u00f3w &#8211; szczeg\u00f3lnie tych w gor\u0105cym wydaniu. Kardamon stanowi bowiem jeden z g\u0142\u00f3wnych sk\u0142adnik\u00f3w s\u0142ynnej indyjskiej herbaty Masala Chai o ostrym smaku.<\/span><\/span><\/p>\n<p align=\"justify\"><span style=\"font-family: Liberation Serif, serif;\"><span style=\"font-size: medium;\"><span style=\"font-family: Comic Sans MS, serif;\"><b>Sk\u0142ad: 100% kardamon ziarno (Elettaria cardamomum semen).<\/b><\/span><\/span><\/span><\/p>\n<p align=\"justify\"><span style=\"font-family: Liberation Serif, serif;\"><span style=\"font-size: medium;\"><span style=\"font-family: Comic Sans MS, serif;\">Kraj pochodzenia : Gwatemala\u00a0 \u00a0 \u00a0 \u00a0 \u00a0 \u00a0 \u00a0 \u00a0 \u00a0 \u00a0 \u00a0 \u00a0 \u00a0 <\/span><span style=\"font-family: Comic Sans MS, serif;\"><b>masa netto 20 g<\/b><\/span><\/span><\/span><\/p>\n<p align=\"justify\">Produkt pakowany r\u0119cznie.<\/p>\n<p align=\"justify\"><span style=\"font-family: Liberation Serif, serif;\"><span style=\"font-size: medium;\"><span style=\"font-family: Comic Sans MS, serif;\"><span style=\"font-size: small;\">Warunki przechowywania: przechowywa\u0107 w suchym i zaciemnionym miejscu. <\/span><\/span><\/span><\/span><span style=\"font-family: Liberation Serif, serif;\"><span style=\"font-size: medium;\"><span style=\"font-family: Comic Sans MS, serif;\"><span style=\"font-size: small;\">W zak\u0142adzie pakowane s\u0105 r\u00f3wnie\u017c: sezam, gorczyca, seler, produkty zawieraj\u0105ce gluten, r\u00f3\u017cne orzechy. Pomimo do\u0142o\u017cenia wszelkich stara\u0144 nie mo\u017cna w 100 % wykluczy\u0107 wyst\u0105pienia w produkcie tych surowc\u00f3w.<\/span><\/span><\/span><\/span><\/p>\n","protected":false},"excerpt":{"rendered":"<p align=\"justify\"><span style=\"font-family: Liberation Serif, serif;\"><span style=\"font-size: medium;\"><span style=\"font-family: Comic Sans MS, serif;\"><b>KARDAMON ZIARNO<\/b><\/span><\/span><\/span><\/p>\n<p align=\"justify\"><span style=\"font-family: Liberation Serif, serif;\"><span style=\"font-size: medium;\"><span style=\"font-family: Comic Sans MS, serif;\">Bez sztucznych barwnik\u00f3w, bez konserwant\u00f3w.\u00a0<\/span><\/span><\/span><\/p>\n","protected":false},"featured_media":558,"comment_status":"open","ping_status":"closed","template":"","meta":[],"product_brand":[],"product_cat":[18],"product_tag":[],"class_list":{"0":"post-557","1":"product","2":"type-product","3":"status-publish","4":"has-post-thumbnail","6":"product_cat-przyprawy-2","8":"first","9":"instock","10":"taxable","11":"shipping-taxable","12":"purchasable","13":"product-type-simple"},"_links":{"self":[{"href":"https:\/\/sielankaznatury.pl\/index.php\/wp-json\/wp\/v2\/product\/557","targetHints":{"allow":["GET"]}}],"collection":[{"href":"https:\/\/sielankaznatury.pl\/index.php\/wp-json\/wp\/v2\/product"}],"about":[{"href":"https:\/\/sielankaznatury.pl\/index.php\/wp-json\/wp\/v2\/types\/product"}],"replies":[{"embeddable":true,"href":"https:\/\/sielankaznatury.pl\/index.php\/wp-json\/wp\/v2\/comments?post=557"}],"wp:featuredmedia":[{"embeddable":true,"href":"https:\/\/sielankaznatury.pl\/index.php\/wp-json\/wp\/v2\/media\/558"}],"wp:attachment":[{"href":"https:\/\/sielankaznatury.pl\/index.php\/wp-json\/wp\/v2\/media?parent=557"}],"wp:term":[{"taxonomy":"product_brand","embeddable":true,"href":"https:\/\/sielankaznatury.pl\/index.php\/wp-json\/wp\/v2\/product_brand?post=557"},{"taxonomy":"product_cat","embeddable":true,"href":"https:\/\/sielankaznatury.pl\/index.php\/wp-json\/wp\/v2\/product_cat?post=557"},{"taxonomy":"product_tag","embeddable":true,"href":"https:\/\/sielankaznatury.pl\/index.php\/wp-json\/wp\/v2\/product_tag?post=557"}],"curies":[{"name":"wp","href":"https:\/\/api.w.org\/{rel}","templated":true}]}}