{"id":804,"date":"2024-03-11T10:47:42","date_gmt":"2024-03-11T10:47:42","guid":{"rendered":"https:\/\/sielankaznatury.pl\/?post_type=product&#038;p=804"},"modified":"2026-01-24T10:38:12","modified_gmt":"2026-01-24T10:38:12","slug":"zlote-mleko-golden-milk-golden-latte-80g","status":"publish","type":"product","link":"https:\/\/sielankaznatury.pl\/index.php\/produkt\/zlote-mleko-golden-milk-golden-latte-80g\/","title":{"rendered":"Z\u0142oty Vitalis &#8211; Kurkumix. Premium line 100g"},"content":{"rendered":"<p>Ta bogata mieszanka to a\u017c 9 wspania\u0142ych sk\u0142adnik\u00f3w ! :-).<\/p>\n<p>Oddajemy w Twoje r\u0119ce gotow\u0105 mieszank\u0119 do sporz\u0105dzenia niezwyk\u0142ego i aromatycznego napoju. Spr\u00f3buj i przekonaj si\u0119!<\/p>\n<p>Wystarczy, \u017ce podgrzejesz szklank\u0119\u00a0 wody, soku, naparu np z dzikiej r\u00f3\u017cy b\u0105d\u017a rokitnika, mleka i wymieszasz je z \u0142y\u017ceczk\u0105 naszej mieszanki. Ta sama zasada dzia\u0142a w przypadku napoju owsianego po nap\u00f3j migda\u0142owy. Dodatkowa wskaz\u00f3wka: je\u015bli wolisz zrobi\u0107 z\u0142ot\u0105 mieszank\u0119 z pasty, mo\u017cesz wymiesza\u0107 jedn\u0105 \u0142y\u017ck\u0119 sto\u0142ow\u0105 proszku z dwiema \u0142y\u017ckami sto\u0142owymi ciep\u0142ej wody, a nast\u0119pnie wla\u0107 np do spienionego mleka jak espresso. Voil\u00e0\u00a0 jest gotowy!<\/p>\n<p>Bogaty w\u00a0 korzy\u015bci nap\u00f3j, kt\u00f3ry wspomaga Tw\u00f3j organizm. Zawiera kurkum\u0119, kt\u00f3ra \u0142agodzi stany zapalne, poprawia trawienie i prac\u0119 w\u0105troby oraz wspomaga uk\u0142ad odporno\u015bciowy. &#8222;Z\u0142oty Vitalis &#8221; wspaniale rozgrzewa w miesi\u0105cach jesienno-zimowych, ale r\u00f3wnie\u017c latem zachwyca smakiem i koi organizm. Niekt\u00f3rzy zast\u0119puj\u0105 nim porann\u0105 kaw\u0119, a inni wyciszaj\u0105 si\u0119 przed snem. To bogata mieszanka kt\u00f3ra zawiera tzw super foods.<\/p>\n<p>Mo\u017ce wspomaga\u0107 trawienie, metabolizm, prac\u0119 w\u0105troby, uk\u0142ad pokarmowy, regulacj\u0119 poziomu cukru we krwi, uk\u0142ad kr\u0105\u017cenia, odporno\u015bciowy, oddechowy.<\/p>\n<p>Wszystko to dzi\u0119ki sk\u0142adnikom o szerokim pozytywnym wp\u0142ywie.<\/p>\n<p>Sk\u0142ad: kurkuma, cynamon , pieprz czarny, sk\u00f3rka pomara\u0144czy, kwiat muszkatu, kardamon zielony, mi\u0119ta, imbir go\u017adziki.<\/p>\n<p><strong>Masa netto: 80 g<\/strong><\/p>\n","protected":false},"excerpt":{"rendered":"<p>Ta bogata mieszanka to a\u017c 9 wspania\u0142ych sk\u0142adnik\u00f3w ! :-). Oddajemy w Twoje r\u0119ce gotow\u0105 mieszank\u0119 do sporz\u0105dzenia niezwyk\u0142ego i aromatycznego napoju. Spr\u00f3buj i przekonaj si\u0119! Wystarczy, \u017ce podgrzejesz szklank\u0119\u00a0 wody, soku, naparu np z dzikiej r\u00f3\u017cy b\u0105d\u017a rokitnika, mleka i wymieszasz je z \u0142y\u017ceczk\u0105 naszej mieszanki. Ta sama zasada dzia\u0142a w przypadku napoju owsianego<span class=\"read-more-faq\"><a href=\"https:\/\/sielankaznatury.pl\/index.php\/produkt\/zlote-mleko-golden-milk-golden-latte-80g\/\">Read More<\/a><\/span><\/p>\n","protected":false},"featured_media":805,"comment_status":"open","ping_status":"closed","template":"","meta":[],"product_brand":[],"product_cat":[44,17,24],"product_tag":[],"class_list":{"0":"post-804","1":"product","2":"type-product","3":"status-publish","4":"has-post-thumbnail","6":"product_cat-herbaty","7":"product_cat-przyprawy","8":"product_cat-ziola","10":"first","11":"instock","12":"taxable","13":"shipping-taxable","14":"purchasable","15":"product-type-simple"},"_links":{"self":[{"href":"https:\/\/sielankaznatury.pl\/index.php\/wp-json\/wp\/v2\/product\/804","targetHints":{"allow":["GET"]}}],"collection":[{"href":"https:\/\/sielankaznatury.pl\/index.php\/wp-json\/wp\/v2\/product"}],"about":[{"href":"https:\/\/sielankaznatury.pl\/index.php\/wp-json\/wp\/v2\/types\/product"}],"replies":[{"embeddable":true,"href":"https:\/\/sielankaznatury.pl\/index.php\/wp-json\/wp\/v2\/comments?post=804"}],"wp:featuredmedia":[{"embeddable":true,"href":"https:\/\/sielankaznatury.pl\/index.php\/wp-json\/wp\/v2\/media\/805"}],"wp:attachment":[{"href":"https:\/\/sielankaznatury.pl\/index.php\/wp-json\/wp\/v2\/media?parent=804"}],"wp:term":[{"taxonomy":"product_brand","embeddable":true,"href":"https:\/\/sielankaznatury.pl\/index.php\/wp-json\/wp\/v2\/product_brand?post=804"},{"taxonomy":"product_cat","embeddable":true,"href":"https:\/\/sielankaznatury.pl\/index.php\/wp-json\/wp\/v2\/product_cat?post=804"},{"taxonomy":"product_tag","embeddable":true,"href":"https:\/\/sielankaznatury.pl\/index.php\/wp-json\/wp\/v2\/product_tag?post=804"}],"curies":[{"name":"wp","href":"https:\/\/api.w.org\/{rel}","templated":true}]}}