{"id":806,"date":"2024-03-12T13:31:13","date_gmt":"2024-03-12T13:31:13","guid":{"rendered":"https:\/\/sielankaznatury.pl\/?post_type=product&#038;p=806"},"modified":"2025-11-11T18:11:04","modified_gmt":"2025-11-11T18:11:04","slug":"herbata-kolory-teczy-50g","status":"publish","type":"product","link":"https:\/\/sielankaznatury.pl\/index.php\/produkt\/herbata-kolory-teczy-50g\/","title":{"rendered":"Herbata kolory t\u0119czy 50g"},"content":{"rendered":"<p>T\u0119czowe po\u0142\u0105czenie herbaty Assam &#8211; earl grey p\u0142atk\u00f3w r\u00f3\u017cy, chabra b\u0142awatka,\u00a0 s\u0142onecznika sk\u00f3rki pomara\u0144czy, kt\u00f3re zachwyca ju\u017c od samego pocz\u0105tku \u2013 najpierw oryginalnym wygl\u0105dem, a p\u00f3\u017aniej charakterystycznym smakiem. Oko przyci\u0105ga b\u0142\u0119kit, fiolet i r\u00f3\u017c, kt\u00f3rym mieni si\u0119 ta wspania\u0142a kompozycja. Odpowiednia na ka\u017cd\u0105 por\u0119 roku, jak i dnia \u2013 na os\u0142odzenie porank\u00f3w i wieczorny relaks.<\/p>\n<p>Sk\u0142ad:\u00a0 herbata czarna Assam-Earl grey, p\u0142atki chabra b\u0142awatka, p\u0142atki r\u00f3\u017cy, p\u0142atki chabra b\u0142awatka, sk\u00f3rka pomara\u0144czowa.<\/p>\n<p>Masa netto: 50 g<\/p>\n","protected":false},"excerpt":{"rendered":"<p>T\u0119czowe po\u0142\u0105czenie herbaty Assam &#8211; earl grey p\u0142atk\u00f3w r\u00f3\u017cy, chabra b\u0142awatka,\u00a0 s\u0142onecznika sk\u00f3rki pomara\u0144czy, kt\u00f3re zachwyca ju\u017c od samego pocz\u0105tku \u2013 najpierw oryginalnym wygl\u0105dem, a p\u00f3\u017aniej charakterystycznym smakiem. Oko przyci\u0105ga b\u0142\u0119kit, fiolet i r\u00f3\u017c, kt\u00f3rym mieni si\u0119 ta wspania\u0142a kompozycja. Odpowiednia na ka\u017cd\u0105 por\u0119 roku, jak i dnia \u2013 na os\u0142odzenie porank\u00f3w i wieczorny relaks.<span class=\"read-more-faq\"><a href=\"https:\/\/sielankaznatury.pl\/index.php\/produkt\/herbata-kolory-teczy-50g\/\">Read More<\/a><\/span><\/p>\n","protected":false},"featured_media":807,"comment_status":"open","ping_status":"closed","template":"","meta":[],"product_brand":[],"product_cat":[44],"product_tag":[],"class_list":{"0":"post-806","1":"product","2":"type-product","3":"status-publish","4":"has-post-thumbnail","6":"product_cat-herbaty","8":"first","9":"instock","10":"taxable","11":"shipping-taxable","12":"purchasable","13":"product-type-simple"},"_links":{"self":[{"href":"https:\/\/sielankaznatury.pl\/index.php\/wp-json\/wp\/v2\/product\/806","targetHints":{"allow":["GET"]}}],"collection":[{"href":"https:\/\/sielankaznatury.pl\/index.php\/wp-json\/wp\/v2\/product"}],"about":[{"href":"https:\/\/sielankaznatury.pl\/index.php\/wp-json\/wp\/v2\/types\/product"}],"replies":[{"embeddable":true,"href":"https:\/\/sielankaznatury.pl\/index.php\/wp-json\/wp\/v2\/comments?post=806"}],"wp:featuredmedia":[{"embeddable":true,"href":"https:\/\/sielankaznatury.pl\/index.php\/wp-json\/wp\/v2\/media\/807"}],"wp:attachment":[{"href":"https:\/\/sielankaznatury.pl\/index.php\/wp-json\/wp\/v2\/media?parent=806"}],"wp:term":[{"taxonomy":"product_brand","embeddable":true,"href":"https:\/\/sielankaznatury.pl\/index.php\/wp-json\/wp\/v2\/product_brand?post=806"},{"taxonomy":"product_cat","embeddable":true,"href":"https:\/\/sielankaznatury.pl\/index.php\/wp-json\/wp\/v2\/product_cat?post=806"},{"taxonomy":"product_tag","embeddable":true,"href":"https:\/\/sielankaznatury.pl\/index.php\/wp-json\/wp\/v2\/product_tag?post=806"}],"curies":[{"name":"wp","href":"https:\/\/api.w.org\/{rel}","templated":true}]}}